{"id":1162,"date":"2021-01-11T11:47:02","date_gmt":"2021-01-11T11:47:02","guid":{"rendered":"http:\/\/carlayacomini.com\/?page_id=1162"},"modified":"2021-02-22T09:46:56","modified_gmt":"2021-02-22T09:46:56","slug":"erwerben-oder-verkaufen-einer-immobilie-auf-mallorca","status":"publish","type":"page","link":"https:\/\/carlayacomini.com\/?page_id=1162&lang=de","title":{"rendered":"Erwerben oder Verkaufen einer Immobilie auf Mallorca"},"content":{"rendered":"\t\t<div data-elementor-type=\"wp-page\" data-elementor-id=\"1162\" class=\"elementor elementor-1162\">\n\t\t\t\t\t\t<section class=\"elementor-section elementor-top-section elementor-element elementor-element-1de7d76 elementor-section-height-min-height elementor-section-boxed elementor-section-height-default elementor-section-items-middle\" data-id=\"1de7d76\" data-element_type=\"section\" data-e-type=\"section\" data-settings=\"{&quot;background_background&quot;:&quot;classic&quot;}\">\n\t\t\t\t\t\t\t<div class=\"elementor-background-overlay\"><\/div>\n\t\t\t\t\t\t\t<div class=\"elementor-container elementor-column-gap-default\">\n\t\t\t\t\t<div class=\"elementor-column elementor-col-100 elementor-top-column elementor-element elementor-element-d6d27b4\" data-id=\"d6d27b4\" data-element_type=\"column\" data-e-type=\"column\">\n\t\t\t<div class=\"elementor-widget-wrap\">\n\t\t\t\t\t\t\t<\/div>\n\t\t<\/div>\n\t\t\t\t\t<\/div>\n\t\t<\/section>\n\t\t\t\t<section class=\"elementor-section elementor-top-section elementor-element elementor-element-5e55272 elementor-section-boxed elementor-section-height-default elementor-section-height-default\" data-id=\"5e55272\" data-element_type=\"section\" data-e-type=\"section\">\n\t\t\t\t\t\t<div class=\"elementor-container elementor-column-gap-default\">\n\t\t\t\t\t<div class=\"elementor-column elementor-col-100 elementor-top-column elementor-element elementor-element-84ee061\" data-id=\"84ee061\" data-element_type=\"column\" data-e-type=\"column\">\n\t\t\t<div class=\"elementor-widget-wrap elementor-element-populated\">\n\t\t\t\t\t\t<div class=\"elementor-element elementor-element-0d4c6fa elementor-widget elementor-widget-heading\" data-id=\"0d4c6fa\" data-element_type=\"widget\" data-e-type=\"widget\" data-widget_type=\"heading.default\">\n\t\t\t\t<div class=\"elementor-widget-container\">\n\t\t\t\t\t<h1 class=\"elementor-heading-title elementor-size-default\">Unterst\u00fctzung beim erwerben oder Verkaufen einer Immobilie auf Mallorca<\/h1>\t\t\t\t<\/div>\n\t\t\t\t<\/div>\n\t\t\t\t\t<\/div>\n\t\t<\/div>\n\t\t\t\t\t<\/div>\n\t\t<\/section>\n\t\t\t\t<section class=\"elementor-section elementor-top-section elementor-element elementor-element-8d02c40 elementor-section-boxed elementor-section-height-default elementor-section-height-default\" data-id=\"8d02c40\" data-element_type=\"section\" data-e-type=\"section\">\n\t\t\t\t\t\t<div class=\"elementor-container elementor-column-gap-default\">\n\t\t\t\t\t<div class=\"elementor-column elementor-col-50 elementor-top-column elementor-element elementor-element-0465110\" data-id=\"0465110\" data-element_type=\"column\" data-e-type=\"column\">\n\t\t\t<div class=\"elementor-widget-wrap elementor-element-populated\">\n\t\t\t\t\t\t<div class=\"elementor-element elementor-element-db8ccca elementor-widget elementor-widget-text-editor\" data-id=\"db8ccca\" data-element_type=\"widget\" data-e-type=\"widget\" data-widget_type=\"text-editor.default\">\n\t\t\t\t<div class=\"elementor-widget-container\">\n\t\t\t\t\t\t\t\t\t<p>Ob Sie eine Immobilie auf Mallorca erwerben oder verkaufen m\u00f6chten, wir unterst\u00fctzen Sie w\u00e4rend des gesamten Prozesses.<\/p><p>Sollten Sie \u00fcber einen Kauf nachdenken, werden wir alle relevanten Unterlagen \u00fcberpr\u00fcfen und ein Nothar finden der Ihren Bed\u00fcrfnissen und Ihrem Budget entspricht um den Kaufvertrag abzuschliessen.<\/p><p>Zus\u00e4tzlich k\u00f6nnen wir Ihnen auch die besten Immobilienb\u00fcros und Notare in der Gegend empfehlen.<\/p>\t\t\t\t\t\t\t\t<\/div>\n\t\t\t\t<\/div>\n\t\t\t\t\t<\/div>\n\t\t<\/div>\n\t\t\t\t<div class=\"elementor-column elementor-col-50 elementor-top-column elementor-element elementor-element-44c261c\" data-id=\"44c261c\" data-element_type=\"column\" data-e-type=\"column\">\n\t\t\t<div class=\"elementor-widget-wrap elementor-element-populated\">\n\t\t\t\t\t\t<div class=\"elementor-element elementor-element-fd2cbc9 elementor-widget elementor-widget-image\" data-id=\"fd2cbc9\" data-element_type=\"widget\" data-e-type=\"widget\" data-widget_type=\"image.default\">\n\t\t\t\t<div class=\"elementor-widget-container\">\n\t\t\t\t\t\t\t\t\t\t\t\t\t\t\t<img fetchpriority=\"high\" decoding=\"async\" width=\"850\" height=\"450\" src=\"https:\/\/carlayacomini.com\/wp-content\/uploads\/2021\/01\/10.jpg\" class=\"attachment-large size-large wp-image-927\" alt=\"\" srcset=\"https:\/\/carlayacomini.com\/wp-content\/uploads\/2021\/01\/10.jpg 850w, https:\/\/carlayacomini.com\/wp-content\/uploads\/2021\/01\/10-300x159.jpg 300w, https:\/\/carlayacomini.com\/wp-content\/uploads\/2021\/01\/10-768x407.jpg 768w, https:\/\/carlayacomini.com\/wp-content\/uploads\/2021\/01\/10-830x439.jpg 830w, https:\/\/carlayacomini.com\/wp-content\/uploads\/2021\/01\/10-230x122.jpg 230w, https:\/\/carlayacomini.com\/wp-content\/uploads\/2021\/01\/10-350x185.jpg 350w, https:\/\/carlayacomini.com\/wp-content\/uploads\/2021\/01\/10-480x254.jpg 480w\" sizes=\"(max-width: 850px) 100vw, 850px\" \/>\t\t\t\t\t\t\t\t\t\t\t\t\t\t\t<\/div>\n\t\t\t\t<\/div>\n\t\t\t\t\t<\/div>\n\t\t<\/div>\n\t\t\t\t\t<\/div>\n\t\t<\/section>\n\t\t\t\t<section class=\"elementor-section elementor-top-section elementor-element elementor-element-6592ede elementor-section-boxed elementor-section-height-default elementor-section-height-default\" data-id=\"6592ede\" data-element_type=\"section\" data-e-type=\"section\">\n\t\t\t\t\t\t<div class=\"elementor-container elementor-column-gap-default\">\n\t\t\t\t\t<div class=\"elementor-column elementor-col-100 elementor-top-column elementor-element elementor-element-6a2b392\" data-id=\"6a2b392\" data-element_type=\"column\" data-e-type=\"column\">\n\t\t\t<div class=\"elementor-widget-wrap elementor-element-populated\">\n\t\t\t\t\t\t<div class=\"elementor-element elementor-element-ca49bb8 elementor-widget elementor-widget-text-editor\" data-id=\"ca49bb8\" data-element_type=\"widget\" data-e-type=\"widget\" data-widget_type=\"text-editor.default\">\n\t\t\t\t<div class=\"elementor-widget-container\">\n\t\t\t\t\t\t\t\t\t<p>Unter anderem werden wir:<\/p><ul><li>Als Vermittler w\u00e4hrend des Verhandlungsprozesses des gesamten Kaufs oder Verkaufs mit Immobilienagenturen oder Eigent\u00fcmern fungieren.<\/li><li>Den Kauf- und Verkaufsvertrag so wie die Papiere der Immobilie genau \u00fcberpr\u00fcfen.<\/li><li>Die erforderlichen Unterlagen f\u00fcr den Tag an dem die Kaufurkunde unterzeichnet wird vorbereiten.<\/li><li>Wir werden Kostenvoranschl\u00e4ge f\u00fcr die Honorarkosten von mindestens zwei Notaren einholen, und werden einen Termin f\u00fcr Sie bei dem von Ihnen gew\u00e4hlten Notar vereinbaren.<\/li><li>Ihnen helfen alle notwendigen Dokumente zu besorgen die Sie f\u00fcr den Kauf einer Immobilie In Spanien ben\u00f6tigen.<\/li><li>Ihnen dabei helfen Formalit\u00e4ten In Zusammenhang mit der Einschreibung im Grundbuch sowie dem Kataster zu kl\u00e4ren.<\/li><li>Ihnen helfen das Energieeffizienzzertifikat oder Bewohnbarkeitsbescheinigung zu erhalten.<\/li><\/ul>\t\t\t\t\t\t\t\t<\/div>\n\t\t\t\t<\/div>\n\t\t\t\t\t<\/div>\n\t\t<\/div>\n\t\t\t\t\t<\/div>\n\t\t<\/section>\n\t\t\t\t<section class=\"elementor-section elementor-top-section elementor-element elementor-element-f6da349 elementor-section-boxed elementor-section-height-default elementor-section-height-default\" data-id=\"f6da349\" data-element_type=\"section\" data-e-type=\"section\">\n\t\t\t\t\t\t<div class=\"elementor-container elementor-column-gap-default\">\n\t\t\t\t\t<div class=\"elementor-column elementor-col-100 elementor-top-column elementor-element elementor-element-c0ab913\" data-id=\"c0ab913\" data-element_type=\"column\" data-e-type=\"column\">\n\t\t\t<div class=\"elementor-widget-wrap elementor-element-populated\">\n\t\t\t\t\t\t<div class=\"elementor-element elementor-element-d5fe4dc elementor-widget elementor-widget-text-editor\" data-id=\"d5fe4dc\" data-element_type=\"widget\" data-e-type=\"widget\" data-widget_type=\"text-editor.default\">\n\t\t\t\t<div class=\"elementor-widget-container\">\n\t\t\t\t\t\t\t\t\t<p>Au\u00dferdem k\u00f6nnen wir Sie \u00fcber andere Arten von notariellen Angelegenheiten wie Schenkungen oder Erbschaften informieren.<\/p>\t\t\t\t\t\t\t\t<\/div>\n\t\t\t\t<\/div>\n\t\t\t\t\t<\/div>\n\t\t<\/div>\n\t\t\t\t\t<\/div>\n\t\t<\/section>\n\t\t\t\t<section class=\"elementor-section elementor-top-section elementor-element elementor-element-213bda7 elementor-section-boxed elementor-section-height-default elementor-section-height-default\" data-id=\"213bda7\" data-element_type=\"section\" data-e-type=\"section\">\n\t\t\t\t\t\t<div class=\"elementor-container elementor-column-gap-default\">\n\t\t\t\t\t<div class=\"elementor-column elementor-col-100 elementor-top-column elementor-element elementor-element-c06ef44\" data-id=\"c06ef44\" data-element_type=\"column\" data-e-type=\"column\">\n\t\t\t<div class=\"elementor-widget-wrap elementor-element-populated\">\n\t\t\t\t\t\t<div class=\"elementor-element elementor-element-7d13953 elementor-view-default elementor-widget elementor-widget-icon\" data-id=\"7d13953\" data-element_type=\"widget\" data-e-type=\"widget\" data-widget_type=\"icon.default\">\n\t\t\t\t<div class=\"elementor-widget-container\">\n\t\t\t\t\t\t\t<div class=\"elementor-icon-wrapper\">\n\t\t\t<div class=\"elementor-icon\">\n\t\t\t<i aria-hidden=\"true\" class=\"fas fa-star\"><\/i>\t\t\t<\/div>\n\t\t<\/div>\n\t\t\t\t\t\t<\/div>\n\t\t\t\t<\/div>\n\t\t\t\t\t<\/div>\n\t\t<\/div>\n\t\t\t\t\t<\/div>\n\t\t<\/section>\n\t\t\t\t<section class=\"elementor-section elementor-top-section elementor-element elementor-element-6dc7692 elementor-section-boxed elementor-section-height-default elementor-section-height-default\" data-id=\"6dc7692\" data-element_type=\"section\" data-e-type=\"section\" data-settings=\"{&quot;background_background&quot;:&quot;classic&quot;}\">\n\t\t\t\t\t\t<div class=\"elementor-container elementor-column-gap-default\">\n\t\t\t\t\t<div class=\"elementor-column elementor-col-100 elementor-top-column elementor-element elementor-element-c0ee1c4\" data-id=\"c0ee1c4\" data-element_type=\"column\" data-e-type=\"column\">\n\t\t\t<div class=\"elementor-widget-wrap elementor-element-populated\">\n\t\t\t\t\t\t<div class=\"elementor-element elementor-element-c226de1 elementor-widget elementor-widget-text-editor\" data-id=\"c226de1\" data-element_type=\"widget\" data-e-type=\"widget\" data-widget_type=\"text-editor.default\">\n\t\t\t\t<div class=\"elementor-widget-container\">\n\t\t\t\t\t\t\t\t\t<p style=\"text-align: center;\"><strong>Haben Sie Fragen?<\/strong><\/p>\n<p style=\"text-align: center;\"><strong>M\u00f6chten Sie wissen ob wir Ihnen behilflich sein k\u00f6nnen?<\/strong><\/p>\n<p style=\"text-align: center;\"><a href=\"http:\/\/carlayacomini.com\/?page_id=1110&amp;lang=de\"><strong>Kontaktieren Sie uns. Vordern Sie einen Kostenvoranschlag an.<\/strong><\/a><\/p>\t\t\t\t\t\t\t\t<\/div>\n\t\t\t\t<\/div>\n\t\t\t\t\t<\/div>\n\t\t<\/div>\n\t\t\t\t\t<\/div>\n\t\t<\/section>\n\t\t\t\t<\/div>\n\t\t","protected":false},"excerpt":{"rendered":"<p>Unterst\u00fctzung beim erwerben oder Verkaufen einer Immobilie auf Mallorca Ob Sie eine Immobilie auf Mallorca erwerben oder verkaufen m\u00f6chten, wir unterst\u00fctzen Sie w\u00e4rend des gesamten [&hellip;]<\/p>\n","protected":false},"author":1,"featured_media":0,"parent":0,"menu_order":0,"comment_status":"closed","ping_status":"closed","template":"page-templates\/page_front-page.php","meta":{"footnotes":""},"class_list":["post-1162","page","type-page","status-publish","hentry"],"aioseo_notices":[],"_links":{"self":[{"href":"https:\/\/carlayacomini.com\/index.php?rest_route=\/wp\/v2\/pages\/1162","targetHints":{"allow":["GET"]}}],"collection":[{"href":"https:\/\/carlayacomini.com\/index.php?rest_route=\/wp\/v2\/pages"}],"about":[{"href":"https:\/\/carlayacomini.com\/index.php?rest_route=\/wp\/v2\/types\/page"}],"author":[{"embeddable":true,"href":"https:\/\/carlayacomini.com\/index.php?rest_route=\/wp\/v2\/users\/1"}],"replies":[{"embeddable":true,"href":"https:\/\/carlayacomini.com\/index.php?rest_route=%2Fwp%2Fv2%2Fcomments&post=1162"}],"version-history":[{"count":19,"href":"https:\/\/carlayacomini.com\/index.php?rest_route=\/wp\/v2\/pages\/1162\/revisions"}],"predecessor-version":[{"id":2543,"href":"https:\/\/carlayacomini.com\/index.php?rest_route=\/wp\/v2\/pages\/1162\/revisions\/2543"}],"wp:attachment":[{"href":"https:\/\/carlayacomini.com\/index.php?rest_route=%2Fwp%2Fv2%2Fmedia&parent=1162"}],"curies":[{"name":"wp","href":"https:\/\/api.w.org\/{rel}","templated":true}]}}